i(b) = g*h(b) + 10*w(b). Give i(2).
-4
Let m(g) = 3. Let z(u) = u + 6. Let x(i) = -2*m(i) - z(i). What is x(7)?
-19
Let o(w) = 3*w - 1. Let d(h) = -h**3 - 41*h**2 + 231*h + 45. Let t be d(-46). Give o(t).
-4
Let z(f) = 5*f**2 + 1. Let y(p) = -p**3 + 22*p**2 - 19*p - 9. Let h be y(21). Suppose -36*i = -h*i + 3. What is z(i)?
6
Let z(b) = b + 6. Let l(j) = j - 1. Let g(o) = -3*l(o) - z(o). Suppose i = -3 - 0. Calculate g(i).
9
Let j = -137 - -130. Let p(o) = -o**2 - 9*o + 4. Give p(j).
18
Let b(d) be the third derivative of 1/12*d**4 - 9*d**2 - 1/30*d**5 + 0*d - 1/3*d**3 - 1/120*d**6 + 0. Suppose -1 = -4*i - 13. Determine b(i).
1
Let a(k) be the third derivative of k**5/60 + k**4/3 + 3*k**3/2 - 203*k**2. Give a(-7).
2
Let w(y) = 59*y**2 - 28*y**2 - 2 - 11 - 32*y**2. Suppose 2*g + 2*g - 20 = 0, 0 = 3*f + 4*g - 20. Give w(f).
-13
Let x(b) = 6*b**3 - 5*b + 5. Let k(o) = -o**3 + o**2 + o - 1. Let q(t) = -4*k(t) - x(t). Give q(-3).
14
Let x(k) = -2*k + 1. Let p(t) = -11*t + 30. Let h(o) = -p(o) + 6*x(o). Calculate h(-14).
-10
Let v(x) = 16*x - x - 4 + 1 + 4. Suppose 2*w = 2 - 0. Give v(w).
16
Let c(h) = -h**2 - 8*h - 7. Let d be c(-7). Suppose 48 = -4*z - d*z. Let r = -7 - z. Let b(o) = o - 3. Calculate b(r).
2
Let m = -85 + 87. Let a(x) = -7*x**2 - 13*x + 7. Let c(g) = -3*g**2 - 6*g + 3. Let s(n) = m*a(n) - 5*c(n). Calculate s(-6).
11
Let d(z) = 9*z - 1 - z + z**2 + 0. Let m(t) = -t**2 - 4*t. Let f(x) = 3*d(x) + 5*m(x). Suppose -2*i - 6 = -3*k - 5*i, -5*k + 10 = 4*i. Calculate f(k).
-3
Let o(t) = -t**2 - 4*t + 5. Let v(n) = -n**2 - 5*n + 6. Let b(x) = 5*o(x) - 4*v(x). Let i(q) = q**2 - 4*q. Let h be i(3). Give b(h).
-8
Let s(d) = d + 13. Suppose 4*w + 2*b = -18, -27 + 45 = -5*w - b. Give s(w).
10
Let w be -3*(399/(-9) + 0 - 2). Let g(u) = -9 - w*u + 138*u - 4. Determine g(-8).
-5
Let y(b) = -22 + 2*b - 5 - 27 + b + 34. Give y(8).
4
Let f = -113 + 113. Suppose -7*p - 5 - 37 = f. Let c(q) = q**2 + 6*q + 6. What is c(p)?
6
Let f(r) = 23*r**2 + 7*r - 25*r**2 + 10 + 3*r**2. Calculate f(-6).
4
Let c(a) = -a**3 - 15*a**2 + 3*a + 45. Let t be c(-15). Let i(o) = o**3 + o**2 + 27. What is i(t)?
27
Let y(l) be the third derivative of -l**4/6 - l**3/2 + 84*l**2. Suppose -3*m = -7*m - 8. What is y(m)?
5
Let z(w) = 7*w**3 - 13*w**2 + 6. Let h(l) = 6*l**3 - 12*l**2 + l + 5. Let g(d) = 6*h(d) - 5*z(d). Let j(y) = 7*y**2 - 2*y + 1. Let n be j(1). Give g(n).
0
Suppose 85*b = 94*b - 81. Let a(q) = q**2 - 6*q - 11. Calculate a(b).
16
Let q(f) be the third derivative of -1/6*f**4 + 1/30*f**5 - 7*f**2 + 0*f**3 + 0 + 0*f. What is q(3)?
6
Let f = 668 - 660. Let d(s) = -s**2 + 9*s - 12. What is d(f)?
-4
Let z be (-140)/(-40)*(6/(-14) - -1). Suppose 0 = -b - 4*j + 10 + 3, z*j - 7 = -b. Let v(x) = x**2 - x - 10*x**3 - x**2. Calculate v(b).
-11
Let r(k) be the third derivative of 1/3*k**3 + 0 + 0*k - 7/24*k**4 + 1/30*k**5 - 10*k**2. Give r(5).
17
Let t be 207/21 + 7/49. Let y(q) = -4*q - 4 - 2*q + t*q - 8*q + q**2. Let j be 12/10*5*1. Calculate y(j).
8
Let p(h) = 11*h - 3 - 4*h**2 + 1 - 11*h**2. Let i(b) = -7*b**2 + 5*b - 1. Let k(f) = f**2 + 5*f - 21. Let g be k(-7). Let a(w) = g*i(w) + 3*p(w). Give a(1).
3
Suppose -5*w - 115 = -5*c, 0 = -w - 3*c - 3. Let f(o) = -2*o - 25. Give f(w).
11
Let n(t) = 6*t**2 - 23*t - 2. Let h(i) = 7*i**2 - 26*i - 2. Let r(x) = 5*h(x) - 6*n(x). Give r(9).
-7
Suppose 2*t + 475 = -5*i + 522, 39 = 4*i + 3*t. Let k(f) = 6*f - 2. Calculate k(i).
52
Let t(a) = 18*a - 1. Let x be ((-2)/6)/(5 + (-140)/30). What is t(x)?
-19
Let d(r) = 1 - 10*r + 15*r - 4*r + 0*r. Let s(a) = -6*a + 8. Let f(w) = 4*d(w) + s(w). Calculate f(9).
-6
Let u be 308/70 + -2*2/10. Let q(j) be the first derivative of -j**2 - j**3 + u - j - 1/4*j**4. What is q(-3)?
5
Let k(i) = -5*i - 4 + 2 - i**2 - i**2. Let d(y) = y**3 + 6*y**2 + 3*y - 1. Let b be d(-5). Suppose 9*u + b = 6*u. Give k(u).
-5
Let k(h) be the third derivative of h**6/120 - h**5/10 - h**4/12 + 7*h**3/6 - 117*h**2. Give k(6).
-5
Let l(c) be the first derivative of -c**2/2 + c - 39. Give l(5).
-4
Let y(o) = 20*o + 5*o + 6*o - 26*o + 7*o - o**2 + 10. Calculate y(14).
-18
Let j(l) = 10 + l**3 - 2*l**3 + 8*l - 3*l**3 + 6*l**2 + 3*l**3. Let r = 34 + -27. What is j(r)?
17
Let s(l) = -79*l - 16. Let y(d) = -29*d - 5. Let j(k) = -3*s(k) + 8*y(k). What is j(-3)?
-7
Let w(l) = -l**2 + 0 - 3 + 4 - 2*l. Suppose 15*a + 24 = -21. Determine w(a).
-2
Let k(b) = -3*b - 3*b**3 + 5*b**2 + 0 + 2 + 0*b**3 + 2*b**3. Let l be k(4). Let q(i) be the first derivative of -i**3/3 + 3*i**2 + 7*i - 25. Give q(l).
7
Suppose 3*n = 3*p + 231, 0 = -2*p + 5*p + 3*n + 207. Let g = 77 + p. Let r(k) = -6*k + 4. Calculate r(g).
-20
Let l(v) = -1. Let c(w) = -3*w - 27. Let o(q) = 2*c(q) - 54*l(q). Let r = -2 - -2. Let x = 1 - r. Give o(x).
-6
Suppose 2*m + 13 = -3*j + 6*m, 5*j + 41 = -3*m. Let l(x) = x**3 + 7*x**2 + x - 1. Calculate l(j).
-8
Let p(q) = -15*q**3 - 3*q**2 + 2*q + 2. Let a(s) = -33*s**3 - 6*s**2 + 4*s + 5. Let y(d) = -3*a(d) + 7*p(d). What is y(2)?
-57
Let m = -4 + 0. Let s(y) = y**3 + 5*y**2 + 4*y - 2. Let h be s(-3). Let t(f) = h - 2*f - 3 + 3*f. Determine t(m).
-3
Let o(y) = 9*y - 4. Let k(w) = w - 9. Let g be k(11). Let f be o(g). Let p(t) = f*t - 9*t - 10*t + 3. Calculate p(2).
-7
Let x(c) = -c**2 - 4*c + 8. Suppose -4*u - 4*o + 112 = 0, 0 = -5*u - 4*o + 10 + 134. Suppose 0 = -4*q - 3*v - 25, -5*q + 0*q = 3*v + u. Calculate x(q).
-13
Let w = 409 - 407. Let a(s) be the first derivative of -7*s - 1/4*s**4 + 3/2*s**w - 3 + 5/3*s**3. What is a(5)?
8
Let d(u) = -5*u**3 + u - 3*u**3 + 15*u**3 - 8*u**2 - 8*u**3 - 2. Suppose 4*m + 4*b = 2*b - 42, 2*b = -10. What is d(m)?
-10
Let u(s) be the third derivative of -s**8/10080 - s**7/5040 + s**6/360 + 2*s**5/15 - 18*s**2. Let z(i) be the third derivative of u(i). What is z(2)?
-8
Let k(u) be the second derivative of -u**7/840 - u**5/120 + 7*u**3/6 - u. Let g(t) be the second derivative of k(t). What is g(1)?
-2
Let a(x) = x**2 + 16*x + 54. Let s be a(-8). Let c(g) = -7*g - 82. Let o be c(s). Let b(u) = u + 14. Give b(o).
2
Let y(d) = 4*d**2 - 3*d - 5. Let o(g) = -3*g**2 + 3*g + 4. Let v(h) = 3*o(h) + 2*y(h). Let r be (-2)/7*(-3612)/344. Calculate v(r).
2
Let w(g) = g + 26. Let v be w(-10). Suppose -23*c = -v*c + 35. Let p(k) = k + 2. Determine p(c).
-3
Let d(b) = -20*b - 96. Let r be d(-5). Let v(i) = -5*i + 11. Determine v(r).
-9
Let p(u) = -2*u**2 - 14*u - 20. Let y be p(-6). Let g(s) = 2*s + 20. Calculate g(y).
4
Suppose 86*o - 4*l + 3 = 91*o, 0 = -3*o - 3*l. Let t(a) = -a**2 + 7*a. Calculate t(o).
12
Let y(m) be the third derivative of -4*m**2 + 1/24*m**4 + 0*m**3 + 0*m + 0 - 1/60*m**5. Let q(b) = 3*b**2 - 9*b + 9. Let l(f) = -q(f) - 2*y(f). Give l(6).
-3
Let j(c) be the third derivative of c**9/60480 + c**8/20160 + c**7/5040 - c**6/60 + c**5/20 + 5*c**2. Let s(r) be the third derivative of j(r). Calculate s(0).
-12
Suppose 120 = 3*o + 3*o. Let k(c) = 21 - o - 2*c - 2*c. Determine k(-1).
5
Suppose -4*h = 26 - 6, -4*t - h + 7 = 0. Let n(p) = -3*p + p - p + 3. Determine n(t).
-6
Let k(b) be the third derivative of b**6/120 - b**5/12 + 7*b**4/24 - b**3/2 + 5*b**2 - 8*b. What is k(5)?
32
Let u(d) = d**3 - d**2 - d - 1. Let s(v) be the third derivative of -v**6/60 - v**5/15 + 7*v**4/24 + 5*v**3/3 + 8*v**2. Let r(m) = -s(m) - 3*u(m). What is r(6)?
5
Let b(y) = -15*y + 1. Let i(g) = 3*g - 7. Let k be i(3). Suppose 3 = -5*h - 2*q, k*h = h + 3*q - 4. What is b(h)?
16
Let m(h) = h**2 + 5*h + 2. Let u be 88/(-55) + 2 + 24/(-10). What is m(u)?
-4
Let z(t) = -3*t**2 + 12*t - 6. Let b(r) = -4*r**2 + 14*r - 4. Let k(m) = -2*b(m) + 3*z(m). Give k(4).
6
Suppose 16 = i + 4*g + 2, -i = -g + 6. Let f(h) = 6*h + 3. Determine f(i).
-9
Let b(j) be the second derivative of -j**5/10 - 2*j**3/3 + 5*j**2/2 - 161*j. Calculate b(2).
-19
Let v be (-194)/5 - 1/5. Let z = 40 + v. Let x(p) = -p**2 + p. Give x(z).
0
Let i(t) = 4*t**2 - t. Let a be i(-1). Let z(w) = 0*w + w**2 + 1 - 2*w**2 + a*w. Suppose 0 = 23*x - 224 + 63. What is z(x)?
-13
Let u be (7 + -3 + -1)*2. Let q(w) = -9*w + 1. Let d(i) = -4*i. Let x(j) = u*q(j) - 14*d(j). Calculate x(-5).
-4
Let c(z) = -2*z**2 - 3*z - 2. Let x be -4 + 1 + (-4 + 3)*2. Calculate c(x).
-37
Let r(u) = 3*u - u + 2 - u + 6*u + u**2. Let w = 65 - 72. Give r(w).
2
Let h(o) = -o**2 - 3*o + 2.